ctors of 19939899?
3, 7, 41, 23159
List the prime factors of 236566.
2, 11, 10753
What are the prime factors of 627396?
2, 3, 7, 11, 97
What are the prime factors of 4525455?
3, 5, 11, 27427
List the prime factors of 4258404.
2, 3, 23, 37, 139
List the prime factors of 2202626.
2, 491, 2243
List the prime factors of 46163.
13, 53, 67
What are the prime factors of 257646?
2, 3, 23, 1867
List the prime factors of 12627404.
2, 677, 4663
What are the prime factors of 10088946?
2, 3, 7, 80071
List the prime factors of 1075364.
2, 268841
What are the prime factors of 2512803?
3, 837601
What are the prime factors of 1134743?
757, 1499
What are the prime factors of 3258950?
2, 5, 65179
What are the prime factors of 95778?
2, 3, 17, 313
What are the prime factors of 25734392?
2, 3216799
What are the prime factors of 1675838?
2, 19, 44101
List the prime factors of 9522518.
2, 31, 153589
List the prime factors of 327056.
2, 20441
List the prime factors of 2515732.
2, 677, 929
List the prime factors of 3539713.
3539713
List the prime factors of 627092.
2, 211, 743
List the prime factors of 166234.
2, 83117
List the prime factors of 155766.
2, 3, 13, 1997
List the prime factors of 11960394.
2, 3, 139, 14341
List the prime factors of 31753125.
3, 5, 1129
List the prime factors of 317329.
223, 1423
List the prime factors of 2677172.
2, 37, 18089
What are the prime factors of 5386425?
3, 5, 11, 6529
What are the prime factors of 167511?
3, 55837
List the prime factors of 142845.
3, 5, 89, 107
List the prime factors of 1377238.
2, 17, 40507
List the prime factors of 11233092.
2, 3, 13, 29, 191
List the prime factors of 2820078.
2, 3, 156671
What are the prime factors of 1245634?
2, 13, 23, 2083
List the prime factors of 2470241.
2470241
List the prime factors of 2313105.
3, 5, 17, 47, 193
List the prime factors of 7125724.
2, 673, 2647
List the prime factors of 646245.
3, 5, 4787
What are the prime factors of 769810?
2, 5, 23, 3347
What are the prime factors of 534737?
7, 1559
List the prime factors of 4226702.
2, 19, 111229
What are the prime factors of 8902502?
2, 7, 635893
List the prime factors of 7769829.
3, 101, 25643
List the prime factors of 697727.
697727
List the prime factors of 605536.
2, 127, 149
What are the prime factors of 925119?
3, 13, 7907
What are the prime factors of 144353?
11, 1193
What are the prime factors of 9448989?
3, 11, 286333
List the prime factors of 2936627.
29, 131, 773
List the prime factors of 3723223.
7, 29, 18341
What are the prime factors of 765892?
2, 191473
List the prime factors of 50415.
3, 5, 3361
List the prime factors of 1053570.
2, 3, 5, 7, 29, 173
What are the prime factors of 270504?
2, 3, 13, 17
List the prime factors of 633985.
5, 11, 11527
List the prime factors of 4057980.
2, 3, 5, 47, 1439
List the prime factors of 771518.
2, 11, 35069
List the prime factors of 564723.
3, 17, 3691
List the prime factors of 393336.
2, 3, 607
What are the prime factors of 111830?
2, 5, 53, 211
What are the prime factors of 527334?
2, 3, 179, 491
List the prime factors of 3793119.
3, 11, 137, 839
What are the prime factors of 6934288?
2, 433393
List the prime factors of 687409.
59, 61, 191
List the prime factors of 1453658.
2, 43, 16903
What are the prime factors of 880679?
31, 28409
What are the prime factors of 339279?
3, 113093
List the prime factors of 5665353.
3, 29, 65119
What are the prime factors of 2958950?
2, 5, 23, 31, 83
List the prime factors of 188896.
2, 5903
List the prime factors of 118395.
3, 5, 877
What are the prime factors of 6854381?
503, 13627
What are the prime factors of 1150922?
2, 37, 103, 151
What are the prime factors of 393368?
2, 49171
List the prime factors of 6893864.
2, 861733
List the prime factors of 251161.
19, 13219
What are the prime factors of 519346?
2, 19, 79, 173
What are the prime factors of 5314702?
2, 23, 31, 3727
List the prime factors of 16165774.
2, 107, 75541
What are the prime factors of 1738520?
2, 5, 7, 887
List the prime factors of 338525.
5, 11, 1231
List the prime factors of 148441.
79, 1879
List the prime factors of 1166456.
2, 145807
List the prime factors of 144544.
2, 4517
What are the prime factors of 14266094?
2, 17, 419591
What are the prime factors of 12885990?
2, 3, 5, 13, 19, 37, 47
List the prime factors of 1092148.
2, 17, 16061
List the prime factors of 153275.
5, 6131
What are the prime factors of 80568?
2, 3, 373
What are the prime factors of 29011168?
2, 71, 113
What are the prime factors of 384702?
2, 3, 97, 661
List the prime factors of 392136.
2, 3, 16339
List the prime factors of 979029.
3, 181, 601
List the prime factors of 154914.
2, 3, 25819
List the prime factors of 122938.
2, 61469
List the prime factors of 195742.
2, 97871
List the prime factors of 1572627.
3, 7, 74887
List the prime factors of 2947937.
29, 101653
List the prime factors of 5851887.
3, 1950629
What are the prime factors of 1053037?
19, 2917
What are the prime factors of 1181978?
2, 7, 1723
What are the prime factors of 141133?
107, 1319
What are the prime factors of 7688235?
3, 5, 71, 7219
List the prime factors of 10262.
2, 7, 733
List the prime factors of 5003988.
2, 3, 11, 167, 227
List the prime factors of 335235.
3, 5, 22349
What are the prime factors of 25658675?
5, 7, 151, 971
List the prime factors of 3000278.
2, 1500139
List the prime factors of 158163.
3, 52721
List the prime factors of 663638.
2, 331819
What are the prime factors of 7159449?
3, 11, 163
What are the prime factors of 13121534?
2, 6560767
List the prime factors of 193371.
3, 43, 1499
What are the prime factors of 2798131?
7, 61, 6553
List the prime factors of 1693961.
67, 131, 193
What are the prime factors of 399828?
2, 3, 11, 13, 233
What are the prime factors of 63853?
63853
List the prime factors of 16751571.
3, 5583857
List the prime factors of 2666808.
2, 3, 37039
What are the prime factors of 185310?
2, 3, 5, 29, 71
List the prime factors of 6778641.
3, 313, 7219
List the prime factors of 566127.
3, 62903
List the prime factors of 429316.
2, 29, 3701
List the prime factors of 24028410.
2, 3, 5, 7, 31, 3691
List the prime factors of 3634176.
2, 3, 7, 13
What are the prime factors of 4914621?
3, 191, 953
What are the prime factors of 49595?
5, 7, 13, 109
What are the prime factors of 1646783?
1646783
What are the prime factors of 1116862?
2, 558431
List the prime factors of 5732884.
2, 223, 6427
What are the prime factors of 543806?
2, 271903
List the prime factors of 20895727.
53, 394259
List the prime factors of 470639.
13, 41, 883
List the prime factors of 301106.
2, 13, 37, 313
List the prime factors of 14623992.
2, 3, 101, 2011
What are the prime factors of 2954425?
5, 59, 2003
List the prime factors of 576543.
3, 11, 17471
List the prime factors of 165155.
5, 17, 29, 67
What are the prime factors of 16526?
2, 8263
What are the prime factors of 10410101?
13, 29, 53, 521
List the prime factors of 5456436.
2, 3, 137, 3319
List the prime factors of 115280.
2, 5, 11, 131
What are the prime factors of 16502252?
2, 13, 317351
What are the prime factors of 35058?
2, 3, 5843
List the prime factors of 74017.
74017
List the prime factors of 9749861.
11, 23, 89, 433
What are the prime factors of 237313?
237313
List the prime factors of 3416721.
3, 7, 11, 2113
What are the prime factors of 29406216?
2, 3, 7, 113, 1549
What are the prime factors of 140338?
2, 11, 6379
What are the prime factors of 100130?
2, 5, 17, 19, 31
What are the prime factors of 362029?
71, 5099
What are the prime factors of 10211956?
2, 59, 43271
List the prime factors of 222633.
3, 29, 853
What are the prime factors of 32199893?
11, 2927263
List the prime factors of 400199.
400199
List the prime factors of 6063954.
2, 3, 13, 77743
What are the prime factors of 220653?
3, 24517
What are the prime factors of 8384671?
8384671
What are the prime factors of 95527?
95527
What are the prime factors of 1497516?
2, 3, 124793
List the prime factors of 85523.
85523
What are the prime factors of 288337?
7, 17, 2423
What are the prime factors of 1348177?
1348177
What are the prime factors of 1533104?
2, 95819
What are the prime factors of 133227?
3, 113, 131
What are the prime factors of 629474?
2, 29, 10853
What are the prime factors of 38950